{"id":33,"date":"2020-09-30T13:34:06","date_gmt":"2020-09-30T13:34:06","guid":{"rendered":"https:\/\/bomberosdeesmeraldas.gob.ec\/?page_id=33"},"modified":"2022-02-09T20:06:24","modified_gmt":"2022-02-09T20:06:24","slug":"transparencia","status":"publish","type":"page","link":"https:\/\/bomberosdeesmeraldas.gob.ec\/?page_id=33","title":{"rendered":"Transparencia"},"content":{"rendered":"<p>La Ley Org\u00e1nica de Transparencia y Acceso a la Informaci\u00f3n P\u00fablica (LOTAIP) plantea la participaci\u00f3n ciudadana y el derecho de acceso a la informaci\u00f3n relacionada con asuntos p\u00fablicos, para ejercer un efectivo control y exigir la rendici\u00f3n de cuentas a las instituciones gubernamentales o aquellas que perciben recursos estatales.<\/p>\n<p>En cumplimiento de la Ley Org\u00e1nica de Transparencia y Acceso a la Informaci\u00f3n P\u00fablica (LOTAIP), todas las entidades poseedoras de informaci\u00f3n p\u00fablica est\u00e1n obligadas a difundir a traves de su portal institucional, la siguiente informaci\u00f3n m\u00ednima actualizada.<\/p>\n\n\n<div class=\"wp-block-group is-layout-flow wp-block-group-is-layout-flow\">\n<div class=\"wp-block-image\"><figure class=\"aligncenter size-large is-resized\"><a href=\"https:\/\/bomberosdeesmeraldas.gob.ec\/?page_id=409\" target=\"_blank\" rel=\"noopener\"><img loading=\"lazy\" decoding=\"async\" src=\"https:\/\/bomberosdeesmeraldas.gob.ec\/wp-content\/uploads\/2020\/10\/2020.png\" alt=\"\" class=\"wp-image-408\" width=\"349\" height=\"168\" srcset=\"https:\/\/bomberosdeesmeraldas.gob.ec\/wp-content\/uploads\/2020\/10\/2020.png 520w, https:\/\/bomberosdeesmeraldas.gob.ec\/wp-content\/uploads\/2020\/10\/2020-300x144.png 300w, https:\/\/bomberosdeesmeraldas.gob.ec\/wp-content\/uploads\/2020\/10\/2020-150x72.png 150w\" sizes=\"(max-width: 349px) 100vw, 349px\" \/><\/a><\/figure><\/div>\n<\/div>\n\n\n\n<div class=\"wp-block-group is-layout-flow wp-block-group-is-layout-flow\">\n<div class=\"wp-block-image\"><figure class=\"aligncenter size-large is-resized\"><a href=\"https:\/\/bomberosdeesmeraldas.gob.ec\/?page_id=497\" target=\"_blank\" rel=\"noopener\"><img loading=\"lazy\" decoding=\"async\" src=\"https:\/\/bomberosdeesmeraldas.gob.ec\/wp-content\/uploads\/2022\/01\/2021.jpg\" alt=\"\" class=\"wp-image-698\" width=\"343\" height=\"257\" srcset=\"https:\/\/bomberosdeesmeraldas.gob.ec\/wp-content\/uploads\/2022\/01\/2021.jpg 1000w, https:\/\/bomberosdeesmeraldas.gob.ec\/wp-content\/uploads\/2022\/01\/2021-300x225.jpg 300w, https:\/\/bomberosdeesmeraldas.gob.ec\/wp-content\/uploads\/2022\/01\/2021-150x113.jpg 150w, https:\/\/bomberosdeesmeraldas.gob.ec\/wp-content\/uploads\/2022\/01\/2021-768x576.jpg 768w\" sizes=\"(max-width: 343px) 100vw, 343px\" \/><\/a><\/figure><\/div>\n<\/div>\n\n\n\n<div class=\"wp-block-group is-layout-flow wp-block-group-is-layout-flow\">\n<div class=\"wp-block-image\"><figure class=\"aligncenter size-large is-resized\"><a href=\"https:\/\/bomberosdeesmeraldas.gob.ec\/?page_id=871\"><img loading=\"lazy\" decoding=\"async\" src=\"https:\/\/bomberosdeesmeraldas.gob.ec\/wp-content\/uploads\/2022\/02\/WhatsApp-Image-2022-02-09-at-14.59.10-1024x598.jpeg\" alt=\"\" class=\"wp-image-876\" width=\"344\" height=\"201\" srcset=\"https:\/\/bomberosdeesmeraldas.gob.ec\/wp-content\/uploads\/2022\/02\/WhatsApp-Image-2022-02-09-at-14.59.10-1024x598.jpeg 1024w, https:\/\/bomberosdeesmeraldas.gob.ec\/wp-content\/uploads\/2022\/02\/WhatsApp-Image-2022-02-09-at-14.59.10-300x175.jpeg 300w, https:\/\/bomberosdeesmeraldas.gob.ec\/wp-content\/uploads\/2022\/02\/WhatsApp-Image-2022-02-09-at-14.59.10-150x88.jpeg 150w, https:\/\/bomberosdeesmeraldas.gob.ec\/wp-content\/uploads\/2022\/02\/WhatsApp-Image-2022-02-09-at-14.59.10-768x448.jpeg 768w, https:\/\/bomberosdeesmeraldas.gob.ec\/wp-content\/uploads\/2022\/02\/WhatsApp-Image-2022-02-09-at-14.59.10.jpeg 1280w\" sizes=\"(max-width: 344px) 100vw, 344px\" \/><\/a><\/figure><\/div>\n<\/div>\n\n\n\n<p><\/p>\n","protected":false},"excerpt":{"rendered":"<p>La Ley Org\u00e1nica de Transparencia y Acceso a la Informaci\u00f3n P\u00fablica (LOTAIP) plantea la participaci\u00f3n&#8230;<\/p>\n","protected":false},"author":1,"featured_media":0,"parent":0,"menu_order":0,"comment_status":"closed","ping_status":"closed","template":"","meta":{"pagelayer_contact_templates":[],"_pagelayer_content":"","footnotes":""},"folder":[],"class_list":["post-33","page","type-page","status-publish","hentry"],"_links":{"self":[{"href":"https:\/\/bomberosdeesmeraldas.gob.ec\/index.php?rest_route=\/wp\/v2\/pages\/33"}],"collection":[{"href":"https:\/\/bomberosdeesmeraldas.gob.ec\/index.php?rest_route=\/wp\/v2\/pages"}],"about":[{"href":"https:\/\/bomberosdeesmeraldas.gob.ec\/index.php?rest_route=\/wp\/v2\/types\/page"}],"author":[{"embeddable":true,"href":"https:\/\/bomberosdeesmeraldas.gob.ec\/index.php?rest_route=\/wp\/v2\/users\/1"}],"replies":[{"embeddable":true,"href":"https:\/\/bomberosdeesmeraldas.gob.ec\/index.php?rest_route=%2Fwp%2Fv2%2Fcomments&post=33"}],"version-history":[{"count":41,"href":"https:\/\/bomberosdeesmeraldas.gob.ec\/index.php?rest_route=\/wp\/v2\/pages\/33\/revisions"}],"predecessor-version":[{"id":878,"href":"https:\/\/bomberosdeesmeraldas.gob.ec\/index.php?rest_route=\/wp\/v2\/pages\/33\/revisions\/878"}],"wp:attachment":[{"href":"https:\/\/bomberosdeesmeraldas.gob.ec\/index.php?rest_route=%2Fwp%2Fv2%2Fmedia&parent=33"}],"wp:term":[{"taxonomy":"folder","embeddable":true,"href":"https:\/\/bomberosdeesmeraldas.gob.ec\/index.php?rest_route=%2Fwp%2Fv2%2Ffolder&post=33"}],"curies":[{"name":"wp","href":"https:\/\/api.w.org\/{rel}","templated":true}]}}